se 9) to base 14
2205
Convert -3221123 (base 4) to base 14.
-5631
-13667 (base 9) to base 11
-6a90
432 (base 9) to base 6
1345
What is -1874 (base 16) in base 12?
-3758
Convert 2102 (base 4) to base 14.
a6
-620 (base 11) to base 3
-1000201
What is -2356 (base 7) in base 3?
-1012101
101330 (base 5) to base 2
110100001100
-18ce (base 15) to base 14
-1d57
Convert c65 (base 13) to base 14.
aab
Convert 10000111011 (base 2) to base 13.
654
1d0 (base 16) to base 7
1232
2321 (base 6) to base 16
229
What is 36064 (base 7) in base 8?
22133
Convert -34232 (base 5) to base 9.
-3313
What is 27602 (base 8) in base 14?
460a
-b4a (base 12) to base 10
-1642
127 (base 16) to base 15
14a
Convert 102012 (base 3) to base 2.
100101110
Convert 4344 (base 5) to base 16.
257
Convert 40306 (base 8) to base 2.
100000011000110
-100122 (base 3) to base 12
-198
What is 110011001111 (base 2) in base 16?
ccf
What is -72b (base 13) in base 3?
-1200012
What is 102212120 (base 3) in base 8?
20717
226314 (base 7) to base 12
1b620
What is 124545 (base 7) in base 4?
11223123
What is 21392 (base 11) in base 10?
31077
What is -1122 (base 16) in base 9?
-6013
-262 (base 8) to base 9
-217
Convert 10110110110101 (base 2) to base 15.
3701
Convert -4002 (base 6) to base 2.
-1101100010
b114 (base 13) to base 3
1020101222
Convert 569 (base 11) to base 13.
404
Convert 3461 (base 8) to base 13.
ab8
Convert -7a0b (base 12) to base 15.
-4032
What is 104023 (base 5) in base 8?
7066
-2d93 (base 16) to base 15
-36cc
-332213 (base 4) to base 5
-112012
440 (base 8) to base 5
2123
Convert 31435 (base 6) to base 4.
1002233
Convert -11100201 (base 3) to base 2.
-110001101010
Convert 12cf (base 16) to base 2.
1001011001111
1731c (base 13) to base 6
541520
Convert -10101101000 (base 2) to base 3.
-1220021
Convert -100100101 (base 2) to base 15.
-148
-111010000 (base 2) to base 6
-2052
Convert 1110011101111 (base 2) to base 9.
11140
1486 (base 16) to base 2
1010010000110
What is 6445 (base 11) in base 16?
2147
What is -1717 (base 11) in base 16?
-894
Convert 10110 (base 5) to base 6.
3011
-1002202110 (base 3) to base 11
-15331
What is -369 (base 14) in base 4?
-22221
-37645 (base 10) to base 11
-26313
What is -3251 (base 6) in base 12?
-527
Convert 2aa7 (base 13) to base 9.
8472
What is -12363 (base 7) in base 14?
-12a3
What is -2420 (base 7) in base 15?
-3eb
1b (base 14) to base 15
1a
Convert 4604 (base 16) to base 12.
a458
7e26 (base 15) to base 10
26811
What is 2210200102 (base 3) in base 8?
153604
Convert -112220 (base 3) to base 16.
-192
Convert -1002110202 (base 3) to base 2.
-101001111101101
Convert 3023403 (base 5) to base 4.
23313123
What is 1211 (base 3) in base 9?
54
What is 1004 (base 5) in base 8?
201
What is 2b3 (base 14) in base 13?
333
-285 (base 10) to base 9
-346
Convert -177 (base 10) to base 11.
-151
What is -734 (base 13) in base 12?
-862
337 (base 16) to base 4
30313
What is -776 (base 10) in base 3?
-1001202
-294a9 (base 11) to base 9
-63375
-3d2e (base 16) to base 14
-59ca
30200 (base 4) to base 2
1100100000
What is 11000100 (base 3) in base 14?
10cd
2200 (base 3) to base 7
132
-111045 (base 6) to base 13
-4319
Convert -1053 (base 13) to base 7.
-6414
Convert 101011001 (base 2) to base 15.
180
What is -2a81 (base 12) in base 15?
-172d
-10414 (base 5) to base 12
-512
Convert 987 (base 11) to base 6.
5252
What is 684 (base 11) in base 8?
1462
What is 570 (base 11) in base 7?
1663
-6761 (base 9) to base 2
-1001110000100
Convert -1791 (base 10) to base 4.
-123333
-314b (base 14) to base 2
-10000100101111
112a (base 12) to base 6
12454
Convert 1110202 (base 3) to base 13.
647
What is -1101000101110 (base 2) in base 9?
-10166
Convert -35132 (base 6) to base 8.
-11640
What is 27914 (base 11) in base 12?
1ab87
What is 3333401 (base 5) in base 8?
162351
Convert 10010101010 (base 2) to base 15.
549
-9037 (base 10) to base 15
-2a27
What is 15304 (base 15) in base 14?
1abbd
Convert -2a75 (base 12) to base 14.
-1b61
What is -104323 (base 6) in base 11?
-6647
What is 1612 (base 9) in base 12?
862
Convert -2201 (base 5) to base 7.
-610
-10100001010 (base 2) to base 4
-110022
What is -11101010 (base 2) in base 8?
-352
Convert 100210 (base 4) to base 2.
10000100100
What is -10000101011 (base 2) in base 7?
-3053
304 (base 8) to base 7
400
2 (base 11) to base 14
2
What is -210120 (base 3) in base 9?
-716
What is -10330 (base 4) in base 14?
-188
What is 104130 (base 6) in base 12?
5046
Convert 214 (base 9) to base 14.
c7
5199 (base 11) to base 4
1223210
501 (base 13) to base 14
446
Convert -213041 (base 5) to base 9.
-10868
43 (base 16) to base 4
1003
Convert -1571 (base 10) to base 5.
-22241
Convert -817 (base 15) to base 11.
-1407
Convert 6427 (base 10) to base 15.
1d87
-505 (base 13) to base 3
-1011111
7237 (base 15) to base 16
5e3f
21183 (base 9) to base 8
33267
462 (base 13) to base 12
530
556 (base 8) to base 16
16e
What is 1866 (base 10) in base 3?
2120010
Convert 11554 (base 6) to base 8.
3276
What is 1001000101111111 (base 2) in base 8?
110577
What is 10214 (base 5) in base 11?
572
Convert -111 (base 14) to base 6.
-551
-35b0 (base 12) to base 6
-43540
-21041 (base 6) to base 10
-2833
-4653 (base 14) to base 5
-342400
Convert -e8 (base 16) to base 11.
-1a1
10110010 (base 2) to base 12
12a
10101110010000 (base 2) to base 10
11152
Convert 43066 (base 10) to base 4.
22200322
What is 6719 (base 13) in base 11?
a89a
-8a5 (base 11) to base 7
-3105
Convert -12340 (base 6) to base 10.
-1860
122523 (base 7) to base 9
33843
Convert -35ad (base 14) to base 16.
-2495
What is 1912 (base 12) in base 13?
14c9
Convert -206b2 (base 12) to base 2.
-1010010111100110
What is -238aa (base 12) in base 8?
-135502
Convert -17aa (base 14) to base 3.
-12212000
Convert -76 (base 12) to base 13.
-6c
What is -100001001001 (base 2) in base 3?
-2220120
Convert 196 (base 11) to base 3.
22101
What is -913 (base 14) in base 6?
-12125
13330 (base 6) to base 13
c33
Convert 2387 (base 14) to base 15.
1c80
Convert 133513 (base 7) to base 14.
930a
Convert 1011101100 (base 2) to base 7.
2116
What is 110110110010111 (base 2) in base 7?
144536
-47c7 (base 14) to base 8
-30353
-524 (base 7) to base 15
-128
What is 171355 (base 8) in base 3?
10011022022
What is 113114 (base 5) in base 8?
10077
-1c5a (base 16) to base 4
-1301122
12145 (base 6) to base 3
2110102
What is 405 (base 8) in base 12?
199
What is 10002001 (base 3) in base 13?
1036
5089 (base 14) to base 16
3611
Convert -2102020210 (base 3) to base 14.
-1349a
What is 1331 (base 5) in base 10?
216
Convert -2537 (base 11) to base 8.
-6353
Convert -1120 (base 8) to base 16.
-250
-1864 (base 12) to base 8
-5614
Convert -121202120 (base 3) to base 5.
-342334
14bc (base 16) to base 14
1d12
Convert 4052 (base 6) to base 12.
628
1775 (base 12) to base 5
42300
Convert 3c9 (base 16) to base 15.
449
Convert 53524 (base 6) to base 3.
101001021
225 (base 16) to base 7
1413
-2717 (base 9) to base 13
-c10
What is 11937 (base 11) in base 12?
9a91
Convert -111010010001 (base 2) to base 16.
-e91
Convert 4172 (base 11) to base 16.
1594
Convert 325 (base 11) to base 10.
390
Convert -10101101100 (base 2) to base 14.
-712
-5d (base 16) to base 8
-135
Convert 1111100 (base 3) to base 15.
4c9
3606 (base 10) to base 14
1458
What is -2012110 (base 3) in base 4?
-121011
What is bc (base 15) in base 13?
108
Convert 8c7 (base 13) to base 12.
a63
5830 (base 9) to base 13
1c74
Convert ba (base 12) to base 14.
a2
What is 10102012 (base 3) in base 2?
100110111001
What is -1010011010 (base 2) in base 14?
-358
What is 210 (base 7) in base 5?
410
What is -10001303 (base 4) in base 3?
-211122002
617 (base 16) to base 15
6de
202 (base 3) to base 16
14
Convert 482 (base 10) to base 7.
1256
What is -233261 (base 7) in base 2?
-1010010000000011
2735 (base 14) to base 10
6907
What is 101011100 (base 2) in base 10?
348
What is -240510 (base 6) in base 10?
-20922
Convert 4eb4 (base 15) to base 11.
11700
Convert -983 (base 13) to base 4.
-121130
325443 (base 6) to base 9
41240
What is -1b8b (base 12) in base 4?
-311123
Convert 14440 (base 11) to base 15.
6113
312210 (base 4) to base 7
13116
193 (base 13) to base 7
562
1012120221 (base 3) to base 4
11303032
Convert 21548 (base 11) to base 6.
400434
What is -12444 (bas